{"id":453,"date":"2023-11-29T00:16:04","date_gmt":"2023-11-29T00:16:04","guid":{"rendered":"https:\/\/satiaero.com\/?page_id=453"},"modified":"2023-11-29T13:17:09","modified_gmt":"2023-11-29T13:17:09","slug":"politica-de-privacidad","status":"publish","type":"page","link":"https:\/\/satiaero.com\/index.php\/politica-de-privacidad\/","title":{"rendered":"Pol\u00edtica de privacidad"},"content":{"rendered":"\n<h2 class=\"wp-block-heading alignfull has-text-align-center underline has-neve-link-color-color has-text-color\">Pol\u00edtica de privacidad<\/h2>\n\n\n\n<h3 class=\"wp-block-heading has-text-align-center\">Condiciones generales del uso del sitio web http:\/\/www.satiaero.com:<\/h3>\n\n\n\n<div class=\"wp-block-group container\"><div class=\"wp-block-group__inner-container is-layout-constrained wp-block-group-is-layout-constrained\">\n<h3 class=\"wp-block-heading has-neve-link-color-color has-text-color\">INTRODUCCI\u00d3N<\/h3>\n\n\n\n<p>El presente documento tiene como finalidad el establecer y regular las normas de uso del Sitio http:\/\/www.satiaero.com (en adelante el \u00abSitio\u00bb), entendiendo por Sitio todas las p\u00e1ginas y sus contenidos propiedad de SERVICIOS AEROTECNICOS INSULARES, S.L. a las cuales se accede a trav\u00e9s del dominio http:\/\/www.satiaero.com y sus subdominios.<\/p>\n\n\n\n<p>La utilizaci\u00f3n del Sitio atribuye la condici\u00f3n de Usuario del mismo e implica la aceptaci\u00f3n de todas las condiciones incluidas en el presente Aviso Legal. El Usuario se compromete a leer atentamente el presente Aviso Legal en cada una de las ocasiones en que se proponga utilizar el Sitio, ya que \u00e9ste y sus condiciones de uso recogidas en el presente Aviso Legal pueden sufrir modificaciones.<\/p>\n\n\n\n<h3 class=\"wp-block-heading has-neve-link-color-color has-text-color\">TITULARIDAD DEL SITIO WEB<\/h3>\n\n\n\n<p>El titular del presente Sitio es SERVICIOS AEROTECNICOS INSULARES, S.L. con domicilio en C\/ Beneficiado Jos\u00e9 Estupi\u00f1an, n\u00ba 41, Pol. Ind. El Goro, 35219, Telde y CIF: B76031772 inscrita en el Registro Mercantil de Las Palmas, en el folio 123, del tomo 1936, hoja GC-42323. Puede ponerse en contacto con nosotros en los siguientes n\u00fameros de tel\u00e9fono o email:<br>Telf.: 928701307<br>Email: info@satiaero.com<\/p>\n\n\n\n<h3 class=\"wp-block-heading has-neve-link-color-color has-text-color\">PROPIEDAD INTELECTUAL E INDUSTRIAL<\/h3>\n\n\n\n<p>Los derechos de propiedad intelectual de este Sitio, son titularidad de SERVICIOS AEROTECNICOS INSULARES, S.L.<\/p>\n\n\n\n<p>La reproducci\u00f3n, distribuci\u00f3n, comercializaci\u00f3n o transformaci\u00f3n, total o parcial, no autorizadas del contenido del Sitio, a no ser que sea para uso personal y privado, constituye una infracci\u00f3n de los derechos de propiedad intelectual de SERVICIOS AEROTECNICOS INSULARES, S.L.<\/p>\n\n\n\n<p>Igualmente, todas las marcas o signos distintivos de cualquier clase contenidos en el Sitio est\u00e1n protegidos por Ley. La utilizaci\u00f3n no autorizada de la informaci\u00f3n contenida en este Sitio, as\u00ed como los perjuicios ocasionados en los derechos de propiedad intelectual e industrial de SERVICIOS AEROTECNICOS INSULARES, S.L., pueden dar lugar al ejercicio de las acciones que legalmente correspondan y, si procede, a las responsabilidades que de dicho ejercicio se deriven.<\/p>\n\n\n\n<h3 class=\"wp-block-heading\"><mark style=\"background-color:rgba(0, 0, 0, 0)\" class=\"has-inline-color has-neve-link-color-color\">EXCLUSI\u00d3N DE RESPONSABILIDAD<\/mark><\/h3>\n\n\n\n<p>El contenido, programas, informaci\u00f3n y\/o consejos expresados en este Sitio deben entenderse como simplemente orientativos. SERVICIOS AEROTECNICOS INSULARES, S.L., no responde de ninguna forma de la efectividad o exactitud de los mismos, quedando exenta de cualquier responsabilidad contractual o extracontractual con los Usuarios que haga uso de ellos, ya que son \u00e9stas las que deber\u00e1n decidir seg\u00fan su criterio la oportunidad de los mismos.<\/p>\n\n\n\n<p>En este Sitio se pueden publicar contenidos aportados por terceras personas o empresas, SERVICIOS AEROTECNICOS INSULARES, S.L., no responde de la veracidad y exactitud de los mismos, quedando exenta de cualquier responsabilidad contractual o extracontractual con los Usuarios que hagan uso de ellos.<\/p>\n\n\n\n<p>SERVICIOS AEROTECNICOS INSULARES, S.L., se reserva el derecho de modificar el contenido del Sitio sin previo aviso y sin ning\u00fan tipo de limitaci\u00f3n.<\/p>\n\n\n\n<p>Asimismo, declina cualquier responsabilidad por los eventuales da\u00f1os y perjuicios que puedan ocasionarse por la falta de disponibilidad y\/o continuidad de este Sitio y de los servicios que se ofrecen en el.<\/p>\n\n\n\n<p>SERVICIOS AEROTECNICOS INSULARES, S.L., no garantiza la ausencia de virus ni de otros elementos en la web que puedan producir alteraciones en su sistema inform\u00e1tico.<\/p>\n\n\n\n<p>SERVICIOS AEROTECNICOS INSULARES, S.L., declina cualquier responsabilidad contractual o extracontractual con los Usuarios que hagan uso de ello y tuviera perjuicios de cualquier naturaleza ocasionados por virus inform\u00e1ticos o por elementos inform\u00e1ticos de cualquier \u00edndole.<\/p>\n\n\n\n<p>SERVICIOS AEROTECNICOS INSULARES, S.L., declina cualquier responsabilidad por los servicios que eventualmente pudieran prestarse en el Sitio por parte de terceros.<\/p>\n\n\n\n<p>SERVICIOS AEROTECNICOS INSULARES, S.L., declina cualquier responsabilidad por los servicios y\/o informaci\u00f3n que se preste en otros Sitios enlazados con este.<\/p>\n\n\n\n<p>SERVICIOS AEROTECNICOS INSULARES, S.L., no controla ni ejerce ning\u00fan tipo de supervisi\u00f3n en Sitios Webs de terceros. Aconsejamos a los Usuarios de los mismos a actuar con prudencia y consultar las eventuales condiciones legales que se expongan en dichas webs.<\/p>\n\n\n\n<p>Los Usuarios que remitan cualquier tipo de informaci\u00f3n a SERVICIOS AEROTECNICOS INSULARES, S.L., se comprometen a que la misma sea veraz y que no vulnere cualquier derecho de terceros ni la legalidad vigente.<\/p>\n\n\n\n<h3 class=\"wp-block-heading\"><mark style=\"background-color:rgba(0, 0, 0, 0)\" class=\"has-inline-color has-neve-link-color-color\">CONDICIONES DE USO DEL PORTAL PARA LOS USUARIOS<\/mark><\/h3>\n\n\n\n<p>El acceso al presente Sitio es gratuito salvo en lo relativo al coste de la conexi\u00f3n a trav\u00e9s de la red de telecomunicaciones suministrada por el proveedor de acceso contratado por los usuarios.<\/p>\n\n\n\n<p>Queda expresamente prohibido el uso del Sitio con fines lesivos de bienes o intereses de SERVICIOS AEROTECNICOS INSULARES, S.L. o de terceros o que de cualquier otra forma sobrecarguen, da\u00f1en o inutilicen las redes, servidores y dem\u00e1s equipos inform\u00e1ticos (hardware) o productos y aplicaciones inform\u00e1ticas (software) de SERVICIOS AEROTECNICOS INSULARES, S.L., o de terceros.<\/p>\n\n\n\n<p>En el caso de que el Usuario tuviera conocimiento de que los Sitios enlazados remiten a p\u00e1ginas cuyos contenidos o servicios son il\u00edcitos, nocivos, denigrantes, violentos o contrarios a la moral le agradecer\u00edamos que se pusiera en contacto con SERVICIOS AEROTECNICOS INSULARES, S.L.<\/p>\n\n\n\n<h3 class=\"wp-block-heading\"><mark style=\"background-color:rgba(0, 0, 0, 0)\" class=\"has-inline-color has-neve-link-color-color\">POL\u00cdTICA DE PROTECCI\u00d3N DE DATOS PERSONALES<\/mark><\/h3>\n\n\n\n<p>En el siguiente enlace puede ampliar la informaci\u00f3n acerca de nuestra pol\u00edtica de privacidad de los datos personales:&nbsp;<a href=\"http:\/\/www.satiaero.com\/politica-de-privacidad\">pol\u00edtica de privacidad<\/a>.<\/p>\n\n\n\n<h3 class=\"wp-block-heading\"><mark style=\"background-color:rgba(0, 0, 0, 0)\" class=\"has-inline-color has-neve-link-color-color\">RECOMENDACIONES DE VISUALIZACI\u00d3N<\/mark><\/h3>\n\n\n\n<p>En este apartado se incluir\u00e1n las recomendaciones para la mejor visualizaci\u00f3n de la web en cuanto a navegador, resoluci\u00f3n de pantalla, etc.<\/p>\n\n\n\n<h3 class=\"wp-block-heading\"><mark style=\"background-color:rgba(0, 0, 0, 0)\" class=\"has-inline-color has-neve-link-color-color\">LEGISLACI\u00d3N<\/mark><\/h3>\n\n\n\n<p>El presente Aviso Legal se rige en todos y cada uno de sus extremos por la legislaci\u00f3n espa\u00f1ola.<\/p>\n\n\n\n<h3 class=\"wp-block-heading\"><mark style=\"background-color:rgba(0, 0, 0, 0)\" class=\"has-inline-color has-neve-link-color-color\">CONTACTE CON NOSOTROS<\/mark><\/h3>\n\n\n\n<p>Si tiene Ud. cualquier pregunta sobre las condiciones reflejadas en este Aviso Legal, o si le gustar\u00eda hacer cualquier sugerencia o recomendaci\u00f3n, por favor dir\u00edjase a nosotros a trav\u00e9s de la siguiente direcci\u00f3n de correo electr\u00f3nico:&nbsp;<a href=\"mailto:info@satiaero.com\">info@satiaero.com<\/a><\/p>\n<\/div><\/div>\n","protected":false},"excerpt":{"rendered":"<p>Pol\u00edtica de privacidad Condiciones generales del uso del sitio web http:\/\/www.satiaero.com: INTRODUCCI\u00d3N El presente documento tiene como finalidad el establecer y regular las normas de uso del Sitio http:\/\/www.satiaero.com (en adelante el \u00abSitio\u00bb), entendiendo por Sitio todas las p\u00e1ginas y sus contenidos propiedad de SERVICIOS AEROTECNICOS INSULARES, S.L. a las cuales se accede a trav\u00e9s&hellip;&nbsp;<a href=\"https:\/\/satiaero.com\/index.php\/politica-de-privacidad\/\" class=\"\" rel=\"bookmark\">Leer m\u00e1s &raquo;<span class=\"screen-reader-text\">Pol\u00edtica de privacidad<\/span><\/a><\/p>\n","protected":false},"author":2,"featured_media":0,"parent":0,"menu_order":0,"comment_status":"closed","ping_status":"closed","template":"","meta":{"neve_meta_sidebar":"default","neve_meta_container":"","neve_meta_enable_content_width":"on","neve_meta_content_width":100,"neve_meta_title_alignment":"center","neve_meta_author_avatar":"","neve_post_elements_order":"","neve_meta_disable_header":"","neve_meta_disable_footer":"","neve_meta_disable_title":"on","footnotes":""},"class_list":["post-453","page","type-page","status-publish","hentry"],"yoast_head":"<!-- This site is optimized with the Yoast SEO plugin v26.4 - https:\/\/yoast.com\/wordpress\/plugins\/seo\/ -->\n<title>Pol\u00edtica de privacidad &#8211; Servicios Aerot\u00e9cnicos Insulares<\/title>\n<meta name=\"description\" content=\"Servicios Aerot\u00e9cnicos Insulares es un Centro de Mantenimiento EASA con Certificado de Aprobaci\u00f3n n\u00ba ES-145.216, habilitado oficialmente para realizar operaciones en componentes de alimentaci\u00f3n el\u00e9ctrica, equipamiento y tren de aterrizaje.\" \/>\n<meta name=\"robots\" content=\"noindex, nofollow\" \/>\n<meta property=\"og:locale\" content=\"es_ES\" \/>\n<meta property=\"og:type\" content=\"article\" \/>\n<meta property=\"og:title\" content=\"Pol\u00edtica de privacidad &#8211; Servicios Aerot\u00e9cnicos Insulares\" \/>\n<meta property=\"og:description\" content=\"Servicios Aerot\u00e9cnicos Insulares es un Centro de Mantenimiento EASA con Certificado de Aprobaci\u00f3n n\u00ba ES-145.216, habilitado oficialmente para realizar operaciones en componentes de alimentaci\u00f3n el\u00e9ctrica, equipamiento y tren de aterrizaje.\" \/>\n<meta property=\"og:url\" content=\"https:\/\/satiaero.com\/index.php\/politica-de-privacidad\/\" \/>\n<meta property=\"og:site_name\" content=\"Servicios Aerot\u00e9cnicos Insulares\" \/>\n<meta property=\"article:modified_time\" content=\"2023-11-29T13:17:09+00:00\" \/>\n<meta name=\"twitter:card\" content=\"summary_large_image\" \/>\n<meta name=\"twitter:label1\" content=\"Tiempo de lectura\" \/>\n\t<meta name=\"twitter:data1\" content=\"2 minutos\" \/>\n<script type=\"application\/ld+json\" class=\"yoast-schema-graph\">{\"@context\":\"https:\/\/schema.org\",\"@graph\":[{\"@type\":\"WebPage\",\"@id\":\"https:\/\/satiaero.com\/index.php\/politica-de-privacidad\/\",\"url\":\"https:\/\/satiaero.com\/index.php\/politica-de-privacidad\/\",\"name\":\"Pol\u00edtica de privacidad &#8211; Servicios Aerot\u00e9cnicos Insulares\",\"isPartOf\":{\"@id\":\"https:\/\/satiaero.com\/#website\"},\"datePublished\":\"2023-11-29T00:16:04+00:00\",\"dateModified\":\"2023-11-29T13:17:09+00:00\",\"description\":\"Servicios Aerot\u00e9cnicos Insulares es un Centro de Mantenimiento EASA con Certificado de Aprobaci\u00f3n n\u00ba ES-145.216, habilitado oficialmente para realizar operaciones en componentes de alimentaci\u00f3n el\u00e9ctrica, equipamiento y tren de aterrizaje.\",\"breadcrumb\":{\"@id\":\"https:\/\/satiaero.com\/index.php\/politica-de-privacidad\/#breadcrumb\"},\"inLanguage\":\"es\",\"potentialAction\":[{\"@type\":\"ReadAction\",\"target\":[\"https:\/\/satiaero.com\/index.php\/politica-de-privacidad\/\"]}]},{\"@type\":\"BreadcrumbList\",\"@id\":\"https:\/\/satiaero.com\/index.php\/politica-de-privacidad\/#breadcrumb\",\"itemListElement\":[{\"@type\":\"ListItem\",\"position\":1,\"name\":\"Portada\",\"item\":\"https:\/\/satiaero.com\/\"},{\"@type\":\"ListItem\",\"position\":2,\"name\":\"Pol\u00edtica de privacidad\"}]},{\"@type\":\"WebSite\",\"@id\":\"https:\/\/satiaero.com\/#website\",\"url\":\"https:\/\/satiaero.com\/\",\"name\":\"Servicios Aerot\u00e9cnicos Insulares\",\"description\":\"\",\"publisher\":{\"@id\":\"https:\/\/satiaero.com\/#organization\"},\"potentialAction\":[{\"@type\":\"SearchAction\",\"target\":{\"@type\":\"EntryPoint\",\"urlTemplate\":\"https:\/\/satiaero.com\/?s={search_term_string}\"},\"query-input\":{\"@type\":\"PropertyValueSpecification\",\"valueRequired\":true,\"valueName\":\"search_term_string\"}}],\"inLanguage\":\"es\"},{\"@type\":\"Organization\",\"@id\":\"https:\/\/satiaero.com\/#organization\",\"name\":\"Servicios Aerot\u00e9cnicos Insulares\",\"url\":\"https:\/\/satiaero.com\/\",\"logo\":{\"@type\":\"ImageObject\",\"inLanguage\":\"es\",\"@id\":\"https:\/\/satiaero.com\/#\/schema\/logo\/image\/\",\"url\":\"https:\/\/satiaero.com\/wp-content\/uploads\/2021\/03\/Logo.jpg\",\"contentUrl\":\"https:\/\/satiaero.com\/wp-content\/uploads\/2021\/03\/Logo.jpg\",\"width\":613,\"height\":212,\"caption\":\"Servicios Aerot\u00e9cnicos Insulares\"},\"image\":{\"@id\":\"https:\/\/satiaero.com\/#\/schema\/logo\/image\/\"}}]}<\/script>\n<!-- \/ Yoast SEO plugin. -->","yoast_head_json":{"title":"Pol\u00edtica de privacidad &#8211; Servicios Aerot\u00e9cnicos Insulares","description":"Servicios Aerot\u00e9cnicos Insulares es un Centro de Mantenimiento EASA con Certificado de Aprobaci\u00f3n n\u00ba ES-145.216, habilitado oficialmente para realizar operaciones en componentes de alimentaci\u00f3n el\u00e9ctrica, equipamiento y tren de aterrizaje.","robots":{"index":"noindex","follow":"nofollow"},"og_locale":"es_ES","og_type":"article","og_title":"Pol\u00edtica de privacidad &#8211; Servicios Aerot\u00e9cnicos Insulares","og_description":"Servicios Aerot\u00e9cnicos Insulares es un Centro de Mantenimiento EASA con Certificado de Aprobaci\u00f3n n\u00ba ES-145.216, habilitado oficialmente para realizar operaciones en componentes de alimentaci\u00f3n el\u00e9ctrica, equipamiento y tren de aterrizaje.","og_url":"https:\/\/satiaero.com\/index.php\/politica-de-privacidad\/","og_site_name":"Servicios Aerot\u00e9cnicos Insulares","article_modified_time":"2023-11-29T13:17:09+00:00","twitter_card":"summary_large_image","twitter_misc":{"Tiempo de lectura":"2 minutos"},"schema":{"@context":"https:\/\/schema.org","@graph":[{"@type":"WebPage","@id":"https:\/\/satiaero.com\/index.php\/politica-de-privacidad\/","url":"https:\/\/satiaero.com\/index.php\/politica-de-privacidad\/","name":"Pol\u00edtica de privacidad &#8211; Servicios Aerot\u00e9cnicos Insulares","isPartOf":{"@id":"https:\/\/satiaero.com\/#website"},"datePublished":"2023-11-29T00:16:04+00:00","dateModified":"2023-11-29T13:17:09+00:00","description":"Servicios Aerot\u00e9cnicos Insulares es un Centro de Mantenimiento EASA con Certificado de Aprobaci\u00f3n n\u00ba ES-145.216, habilitado oficialmente para realizar operaciones en componentes de alimentaci\u00f3n el\u00e9ctrica, equipamiento y tren de aterrizaje.","breadcrumb":{"@id":"https:\/\/satiaero.com\/index.php\/politica-de-privacidad\/#breadcrumb"},"inLanguage":"es","potentialAction":[{"@type":"ReadAction","target":["https:\/\/satiaero.com\/index.php\/politica-de-privacidad\/"]}]},{"@type":"BreadcrumbList","@id":"https:\/\/satiaero.com\/index.php\/politica-de-privacidad\/#breadcrumb","itemListElement":[{"@type":"ListItem","position":1,"name":"Portada","item":"https:\/\/satiaero.com\/"},{"@type":"ListItem","position":2,"name":"Pol\u00edtica de privacidad"}]},{"@type":"WebSite","@id":"https:\/\/satiaero.com\/#website","url":"https:\/\/satiaero.com\/","name":"Servicios Aerot\u00e9cnicos Insulares","description":"","publisher":{"@id":"https:\/\/satiaero.com\/#organization"},"potentialAction":[{"@type":"SearchAction","target":{"@type":"EntryPoint","urlTemplate":"https:\/\/satiaero.com\/?s={search_term_string}"},"query-input":{"@type":"PropertyValueSpecification","valueRequired":true,"valueName":"search_term_string"}}],"inLanguage":"es"},{"@type":"Organization","@id":"https:\/\/satiaero.com\/#organization","name":"Servicios Aerot\u00e9cnicos Insulares","url":"https:\/\/satiaero.com\/","logo":{"@type":"ImageObject","inLanguage":"es","@id":"https:\/\/satiaero.com\/#\/schema\/logo\/image\/","url":"https:\/\/satiaero.com\/wp-content\/uploads\/2021\/03\/Logo.jpg","contentUrl":"https:\/\/satiaero.com\/wp-content\/uploads\/2021\/03\/Logo.jpg","width":613,"height":212,"caption":"Servicios Aerot\u00e9cnicos Insulares"},"image":{"@id":"https:\/\/satiaero.com\/#\/schema\/logo\/image\/"}}]}},"_links":{"self":[{"href":"https:\/\/satiaero.com\/index.php\/wp-json\/wp\/v2\/pages\/453","targetHints":{"allow":["GET"]}}],"collection":[{"href":"https:\/\/satiaero.com\/index.php\/wp-json\/wp\/v2\/pages"}],"about":[{"href":"https:\/\/satiaero.com\/index.php\/wp-json\/wp\/v2\/types\/page"}],"author":[{"embeddable":true,"href":"https:\/\/satiaero.com\/index.php\/wp-json\/wp\/v2\/users\/2"}],"replies":[{"embeddable":true,"href":"https:\/\/satiaero.com\/index.php\/wp-json\/wp\/v2\/comments?post=453"}],"version-history":[{"count":2,"href":"https:\/\/satiaero.com\/index.php\/wp-json\/wp\/v2\/pages\/453\/revisions"}],"predecessor-version":[{"id":455,"href":"https:\/\/satiaero.com\/index.php\/wp-json\/wp\/v2\/pages\/453\/revisions\/455"}],"wp:attachment":[{"href":"https:\/\/satiaero.com\/index.php\/wp-json\/wp\/v2\/media?parent=453"}],"curies":[{"name":"wp","href":"https:\/\/api.w.org\/{rel}","templated":true}]}}